{"version":"1.0","provider_name":"2i.cz","provider_url":"https:\/\/www.2i.cz\/","title":"HEZK\u00dd PODZIMN\u00cd V\u00cdKEND","web_page":"https:\/\/www.2i.cz\/i\/5PgYQ","width":732,"height":529,"url":"https:\/\/www.2i.cz\/images\/2022\/10\/23\/HEZKY-PODZIMNI-VIKEND.th.jpg","type":"photo","author_name":"ewa67","author_url":"\/ewa67","thumbnail_url":"https:\/\/www.2i.cz\/images\/2022\/10\/23\/HEZKY-PODZIMNI-VIKEND.th.jpg","thumbnail_width":160,"thumbnail_height":160}

HEZKÝ PODZIMNÍ VÍKEND
