{"version":"1.0","provider_name":"2i.cz","provider_url":"https:\/\/www.2i.cz\/","title":"M\u011aJ \u00da\u017dASN\u00dd CEL\u00dd DNE\u0160N\u00cd DEN","web_page":"https:\/\/www.2i.cz\/i\/7FFem","width":482,"height":621,"url":"https:\/\/www.2i.cz\/images\/2025\/08\/21\/MEJ-UZASNY-CELY-DNESNI-DEN.th.jpg","type":"photo","author_name":"ewa67","author_url":"\/ewa67","thumbnail_url":"https:\/\/www.2i.cz\/images\/2025\/08\/21\/MEJ-UZASNY-CELY-DNESNI-DEN.th.jpg","thumbnail_width":160,"thumbnail_height":160}

MĚJ ÚŽASNÝ CELÝ DNEŠNÍ DEN
