{"version":"1.0","provider_name":"2i.cz","provider_url":"https:\/\/www.2i.cz\/","title":"M\u011aJ KR\u00c1SN\u00dd DEN","web_page":"https:\/\/www.2i.cz\/i\/7Fwn6","width":639,"height":459,"url":"https:\/\/www.2i.cz\/images\/2025\/08\/21\/MEJ-KRASNY-DEN.th.jpeg","type":"photo","author_name":"ewa67","author_url":"\/ewa67","thumbnail_url":"https:\/\/www.2i.cz\/images\/2025\/08\/21\/MEJ-KRASNY-DEN.th.jpeg","thumbnail_width":160,"thumbnail_height":160}

MĚJ KRÁSNÝ DEN
