{"version":"1.0","provider_name":"2i.cz","provider_url":"https:\/\/www.2i.cz\/","title":"Kr\u00e1sn\u00e9 l\u00e9to, pln\u00e9 slun\u00ed\u010dka a modr\u00e9 oblohy","web_page":"https:\/\/www.2i.cz\/i\/7J9x8","width":552,"height":747,"url":"https:\/\/www.2i.cz\/images\/2025\/08\/09\/Krasne-leto-plne-slunicka-a-modre-oblohy.th.jpeg","type":"photo","author_name":"ewa67","author_url":"\/ewa67","thumbnail_url":"https:\/\/www.2i.cz\/images\/2025\/08\/09\/Krasne-leto-plne-slunicka-a-modre-oblohy.th.jpeg","thumbnail_width":160,"thumbnail_height":160}

Krásné léto, plné sluníčka a modré oblohy
