{"version":"1.0","provider_name":"2i.cz","provider_url":"https:\/\/www.2i.cz\/","title":"P\u0158EJI B\u00c1JE\u010cNOU SOBOTU","web_page":"https:\/\/www.2i.cz\/i\/7JSoc","width":648,"height":458,"url":"https:\/\/www.2i.cz\/images\/2025\/08\/09\/PREJI-BAJECNOU-SOBOTU.th.jpeg","type":"photo","author_name":"ewa67","author_url":"\/ewa67","thumbnail_url":"https:\/\/www.2i.cz\/images\/2025\/08\/09\/PREJI-BAJECNOU-SOBOTU.th.jpeg","thumbnail_width":160,"thumbnail_height":160}

PŘEJI BÁJEČNOU SOBOTU
