{"version":"1.0","provider_name":"2i.cz","provider_url":"https:\/\/www.2i.cz\/","title":"P\u0158\u00c1N\u00cd DO NOV\u00c9HO T\u00ddDNE","web_page":"https:\/\/www.2i.cz\/i\/OCG6j","width":653,"height":791,"url":"https:\/\/www.2i.cz\/images\/2023\/07\/10\/PRANI-DO-NOVEHO-TYDNE.th.jpg","type":"photo","author_name":"ewa67","author_url":"\/ewa67","thumbnail_url":"https:\/\/www.2i.cz\/images\/2023\/07\/10\/PRANI-DO-NOVEHO-TYDNE.th.jpg","thumbnail_width":160,"thumbnail_height":160}

PŘÁNÍ DO NOVÉHO TÝDNE
