{"version":"1.0","provider_name":"2i.cz","provider_url":"https:\/\/www.2i.cz\/","title":"P\u0158EJI POHODOV\u00dd A P\u011aKN\u00dd DEN -040","web_page":"https:\/\/www.2i.cz\/i\/OQ45f","width":555,"height":776,"url":"https:\/\/www.2i.cz\/images\/2023\/08\/17\/PREJI-POHODOVY-A-PEKNY-DEN--040.th.jpg","type":"photo","author_name":"bety","author_url":"\/bety","thumbnail_url":"https:\/\/www.2i.cz\/images\/2023\/08\/17\/PREJI-POHODOVY-A-PEKNY-DEN--040.th.jpg","thumbnail_width":160,"thumbnail_height":160}

PŘEJI POHODOVÝ A PĚKNÝ DEN -040
