{"version":"1.0","provider_name":"2i.cz","provider_url":"https:\/\/www.2i.cz\/","title":"P\u0158\u00cdJEMN\u00dd VE\u010cER A CELOU NOC","web_page":"https:\/\/www.2i.cz\/i\/Oj6PZ","width":518,"height":729,"url":"https:\/\/www.2i.cz\/images\/2023\/08\/12\/PRIJEMNY-VECER-A-CELOU-NOC.th.jpg","type":"photo","author_name":"bety","author_url":"\/bety","thumbnail_url":"https:\/\/www.2i.cz\/images\/2023\/08\/12\/PRIJEMNY-VECER-A-CELOU-NOC.th.jpg","thumbnail_width":160,"thumbnail_height":160}

PŘÍJEMNÝ VEČER A CELOU NOC
