{"version":"1.0","provider_name":"2i.cz","provider_url":"https:\/\/www.2i.cz\/","title":"P\u0158\u00cdJEMN\u00dd LETN\u00cd VE\u010cER A CELOU NOC","web_page":"https:\/\/www.2i.cz\/i\/OuJPd","width":720,"height":550,"url":"https:\/\/www.2i.cz\/images\/2023\/07\/17\/PRIJEMNY-LETNI-VECER-A-CELOU-NOC.th.jpg","type":"photo","author_name":"ewa67","author_url":"\/ewa67","thumbnail_url":"https:\/\/www.2i.cz\/images\/2023\/07\/17\/PRIJEMNY-LETNI-VECER-A-CELOU-NOC.th.jpg","thumbnail_width":160,"thumbnail_height":160}

PŘÍJEMNÝ LETNÍ VEČER A CELOU NOC
