{"version":"1.0","provider_name":"2i.cz","provider_url":"https:\/\/www.2i.cz\/","title":"HEZK\u00c9 R\u00c1NO.VESEL\u00dd DEN","web_page":"https:\/\/www.2i.cz\/i\/UCeTB","width":675,"height":675,"url":"https:\/\/www.2i.cz\/images\/2023\/02\/17\/HEZKE-RANO.VESELY-DEN.th.jpg","type":"photo","author_name":"ewa67","author_url":"\/ewa67","thumbnail_url":"https:\/\/www.2i.cz\/images\/2023\/02\/17\/HEZKE-RANO.VESELY-DEN.th.jpg","thumbnail_width":160,"thumbnail_height":160}

HEZKÉ RÁNO.VESELÝ DEN
