{"version":"1.0","provider_name":"2i.cz","provider_url":"https:\/\/www.2i.cz\/","title":"M\u011aJ POHODI\u010cKU PO CEL\u00dd DEN.","web_page":"https:\/\/www.2i.cz\/i\/UCj80","width":756,"height":756,"url":"https:\/\/www.2i.cz\/images\/2023\/02\/17\/MEJ-POHODICKU-PO-CELY-DEN..th.jpg","type":"photo","author_name":"ewa67","author_url":"\/ewa67","thumbnail_url":"https:\/\/www.2i.cz\/images\/2023\/02\/17\/MEJ-POHODICKU-PO-CELY-DEN..th.jpg","thumbnail_width":160,"thumbnail_height":160}

MĚJ POHODIČKU PO CELÝ DEN.
