{"version":"1.0","provider_name":"2i.cz","provider_url":"https:\/\/www.2i.cz\/","title":"SV\u011a\u017d\u00cd R\u00c1NO I CEL\u00dd DEN","web_page":"https:\/\/www.2i.cz\/i\/XxgTB","width":727,"height":566,"url":"https:\/\/www.2i.cz\/images\/2024\/02\/10\/SVEZI-RANO-I-CELY-DEN.th.jpeg","type":"photo","author_name":"ewa67","author_url":"\/ewa67","thumbnail_url":"https:\/\/www.2i.cz\/images\/2024\/02\/10\/SVEZI-RANO-I-CELY-DEN.th.jpeg","thumbnail_width":160,"thumbnail_height":160}

SVĚŽÍ RÁNO I CELÝ DEN
