{"version":"1.0","provider_name":"2i.cz","provider_url":"https:\/\/www.2i.cz\/","title":"B\u00c1JE\u010cN\u00dd V\u00cdKEND (1)","web_page":"https:\/\/www.2i.cz\/i\/jKxod","width":669,"height":585,"url":"https:\/\/www.2i.cz\/images\/2026\/04\/11\/BAJECNY-VIKEND-1.th.jpg","type":"photo","author_name":"ewa67","author_url":"\/ewa67","thumbnail_url":"https:\/\/www.2i.cz\/images\/2026\/04\/11\/BAJECNY-VIKEND-1.th.jpg","thumbnail_width":160,"thumbnail_height":160}

BÁJEČNÝ VÍKEND (1)
