{"version":"1.0","provider_name":"2i.cz","provider_url":"https:\/\/www.2i.cz\/","title":"Pos\u00edl\u00e1m ti slun\u00ed\u010dko, a\u0165 pot\u011b\u0161\u00ed tv\u00e9 srd\u00ed\u010dko. M\u011bj prima den.Hezkou ned\u011bli","web_page":"https:\/\/www.2i.cz\/i\/p92Vk","width":648,"height":544,"url":"https:\/\/www.2i.cz\/images\/2025\/05\/18\/Posilam-ti-slunicko-at-potesi-tve-srdicko.-Mej-prima-den.Hezkou-nedeli.th.jpg","type":"photo","author_name":"ewa67","author_url":"\/ewa67","thumbnail_url":"https:\/\/www.2i.cz\/images\/2025\/05\/18\/Posilam-ti-slunicko-at-potesi-tve-srdicko.-Mej-prima-den.Hezkou-nedeli.th.jpg","thumbnail_width":160,"thumbnail_height":160}

Posílám ti sluníčko, ať potěší tvé srdíčko. Měj prima den.Hezkou neděli
