{"version":"1.0","provider_name":"2i.cz","provider_url":"https:\/\/www.2i.cz\/","title":"A\u0165 je ti dop\u0159\u00e1no TO NEJKR\u00c1SN\u011aJ\u0160\u00cd R\u00c1NO.HEZK\u00dd DEN,P\u0158\u00cdJEMNOU NED\u011aLI","web_page":"https:\/\/www.2i.cz\/i\/p94SU","width":720,"height":505,"url":"https:\/\/www.2i.cz\/images\/2025\/05\/18\/At-je-ti-doprano-TO-NEJKRASNEJSI-RANO.HEZKY-DENPRIJEMNOU-NEDELI.th.png","type":"photo","author_name":"ewa67","author_url":"\/ewa67","thumbnail_url":"https:\/\/www.2i.cz\/images\/2025\/05\/18\/At-je-ti-doprano-TO-NEJKRASNEJSI-RANO.HEZKY-DENPRIJEMNOU-NEDELI.th.png","thumbnail_width":160,"thumbnail_height":160}

Ať je ti dopřáno TO NEJKRÁSNĚJŠÍ RÁNO.HEZKÝ DEN,PŘÍJEMNOU NEDĚLI
