{"version":"1.0","provider_name":"2i.cz","provider_url":"https:\/\/www.2i.cz\/","title":"Ve\u010dern\u00ed pohodu ti p\u0159eji","web_page":"https:\/\/www.2i.cz\/i\/p97QM","width":661,"height":428,"url":"https:\/\/www.2i.cz\/images\/2025\/05\/18\/Vecerni-pohodu-ti-preji.th.jpg","type":"photo","author_name":"ewa67","author_url":"\/ewa67","thumbnail_url":"https:\/\/www.2i.cz\/images\/2025\/05\/18\/Vecerni-pohodu-ti-preji.th.jpg","thumbnail_width":160,"thumbnail_height":160}

Večerní pohodu ti přeji
