{"version":"1.0","provider_name":"2i.cz","provider_url":"https:\/\/www.2i.cz\/","title":"MIL\u00cd P\u0158\u00cdTEL\u00cd\u010cKU P\u0158EJI TI KR\u00c1SN\u00dd DEN...P\u011aKN\u00dd \u010cTVRTEK","web_page":"https:\/\/www.2i.cz\/i\/pXpOb","width":589,"height":844,"url":"https:\/\/www.2i.cz\/images\/2025\/05\/29\/MILI-PRITELICKU-PREJI-TI-KRASNY-DEN...PEKNY-CTVRTEK.jpg","type":"photo","author_name":"ewa67","author_url":"\/ewa67","thumbnail_url":"https:\/\/www.2i.cz\/images\/2025\/05\/29\/MILI-PRITELICKU-PREJI-TI-KRASNY-DEN...PEKNY-CTVRTEK.jpg","thumbnail_width":589,"thumbnail_height":844}

MILÍ PŘÍTELÍČKU PŘEJI TI KRÁSNÝ DEN...PĚKNÝ ČTVRTEK
