{"version":"1.0","provider_name":"2i.cz","provider_url":"https:\/\/www.2i.cz\/","title":"L\u00c1SKYPLN\u00dd VE\u010cER A POKOJNOU NOC","web_page":"https:\/\/www.2i.cz\/i\/pYgUO","width":620,"height":620,"url":"https:\/\/www.2i.cz\/images\/2025\/06\/09\/LASKYPLNY-VECER-A-POKOJNOU-NOC.th.jpg","type":"photo","author_name":"ewa67","author_url":"\/ewa67","thumbnail_url":"https:\/\/www.2i.cz\/images\/2025\/06\/09\/LASKYPLNY-VECER-A-POKOJNOU-NOC.th.jpg","thumbnail_width":160,"thumbnail_height":160}

LÁSKYPLNÝ VEČER A POKOJNOU NOC
