{"version":"1.0","provider_name":"2i.cz","provider_url":"https:\/\/www.2i.cz\/","title":"VE \u010cTVRTEK SE PR\u00cdMA M\u011aJ RADUJ SE A USM\u00cdVEJ","web_page":"https:\/\/www.2i.cz\/i\/pePzI","width":555,"height":640,"url":"https:\/\/www.2i.cz\/images\/2025\/05\/22\/VE-CTVRTEK-SE-PRIMA-MEJ-RADUJ-SE-A-USMIVEJ.th.jpg","type":"photo","author_name":"ewa67","author_url":"\/ewa67","thumbnail_url":"https:\/\/www.2i.cz\/images\/2025\/05\/22\/VE-CTVRTEK-SE-PRIMA-MEJ-RADUJ-SE-A-USMIVEJ.th.jpg","thumbnail_width":160,"thumbnail_height":160}

VE ČTVRTEK SE PRÍMA MĚJ RADUJ SE A USMÍVEJ
