{"version":"1.0","provider_name":"2i.cz","provider_url":"https:\/\/www.2i.cz\/","title":"M\u011aJ B\u00c1JE\u010cN\u00dd CEL\u00dd DEN","web_page":"https:\/\/www.2i.cz\/i\/rFBsf","width":650,"height":450,"url":"https:\/\/www.2i.cz\/images\/2025\/07\/23\/MEJ-BAJECNY-CELY-DEN.th.jpeg","type":"photo","author_name":"ewa67","author_url":"\/ewa67","thumbnail_url":"https:\/\/www.2i.cz\/images\/2025\/07\/23\/MEJ-BAJECNY-CELY-DEN.th.jpeg","thumbnail_width":160,"thumbnail_height":160}

MĚJ BÁJEČNÝ CELÝ DEN
