{"version":"1.0","provider_name":"2i.cz","provider_url":"https:\/\/www.2i.cz\/","title":"B\u00c1JE\u010cNOU NED\u011aLI","web_page":"https:\/\/www.2i.cz\/i\/rfPcD","width":531,"height":759,"url":"https:\/\/www.2i.cz\/images\/2025\/07\/13\/BAJECNOU-NEDELI.th.jpg","type":"photo","author_name":"ewa67","author_url":"\/ewa67","thumbnail_url":"https:\/\/www.2i.cz\/images\/2025\/07\/13\/BAJECNOU-NEDELI.th.jpg","thumbnail_width":160,"thumbnail_height":160}

BÁJEČNOU NEDĚLI
