{"version":"1.0","provider_name":"2i.cz","provider_url":"https:\/\/www.2i.cz\/","title":"KR\u00c1SN\u00c9 R\u00c1NO A JE\u0160T\u011a KR\u00c1SN\u011aJ\u0160\u00cd DEN","web_page":"https:\/\/www.2i.cz\/i\/rfa1U","width":556,"height":700,"url":"https:\/\/www.2i.cz\/images\/2025\/07\/13\/KRASNE-RANO-A-JESTE-KRASNEJSI-DEN.th.jpg","type":"photo","author_name":"ewa67","author_url":"\/ewa67","thumbnail_url":"https:\/\/www.2i.cz\/images\/2025\/07\/13\/KRASNE-RANO-A-JESTE-KRASNEJSI-DEN.th.jpg","thumbnail_width":160,"thumbnail_height":160}

KRÁSNÉ RÁNO A JEŠTĚ KRÁSNĚJŠÍ DEN
