{"version":"1.0","provider_name":"2i.cz","provider_url":"https:\/\/www.2i.cz\/","title":"B\u00e1je\u010dnou noc ti p\u0159eji","web_page":"https:\/\/www.2i.cz\/i\/rumLd","width":500,"height":706,"url":"https:\/\/www.2i.cz\/images\/2025\/07\/24\/Bajecnou-noc-ti-preji.th.jpg","type":"photo","author_name":"ewa67","author_url":"\/ewa67","thumbnail_url":"https:\/\/www.2i.cz\/images\/2025\/07\/24\/Bajecnou-noc-ti-preji.th.jpg","thumbnail_width":160,"thumbnail_height":160}

Báječnou noc ti přeji
