{"version":"1.0","provider_name":"2i.cz","provider_url":"https:\/\/www.2i.cz\/","title":"P\u0158\u00cdJEMN\u011a STR\u00c1VEN\u00dd V\u00cdKEND","web_page":"https:\/\/www.2i.cz\/i\/uCtq2","width":734,"height":500,"url":"https:\/\/www.2i.cz\/images\/2022\/06\/18\/PRIJEMNE-STRAVENY-VIKEND.th.png","type":"photo","author_name":"ewa67","author_url":"\/ewa67","thumbnail_url":"https:\/\/www.2i.cz\/images\/2022\/06\/18\/PRIJEMNE-STRAVENY-VIKEND.th.png","thumbnail_width":160,"thumbnail_height":160}

PŘÍJEMNĚ STRÁVENÝ VÍKEND
